= -t**3 - 6*t**2 - 3*t + 5. Let p be h(-5). Let m(v) = -v**2 - 6*v. Let u be m(p). Let j = 6 - u. What is the units digit of j?
1
Let i(d) = 5*d + 1. Let l(p) = -p**2 + 2*p + 4. Suppose c = -c + 6. Let x be l(c). What is the units digit of i(x)?
6
Suppose 0 = 5*u + t - 8, -4*u - 2*t = -t - 6. What is the tens digit of (-146)/(-4) + (-1)/u?
3
Let y be 1/(1*3/33). Suppose 2*u - y - 9 = 0. What is the units digit of u?
0
Let a = 4 + -1. Suppose -h + 3 = -5. Suppose -b + h = a. What is the units digit of b?
5
Let h be (-5)/7 + (-2)/7. Suppose -t - 3*t + 4 = 0. What is the units digit of 4 + t + h + 0?
4
What is the units digit of 4 - (-7)/(28/12)?
7
Let o = -3 + 2. What is the units digit of -3*o/3*1?
1
Suppose 3*o + 5*j - 251 = 0, -4*o + 342 = -j + 4*j. What is the tens digit of o?
8
Suppose 0 = 2*v + 4*q - 56, 3*v - 58 = 2*v + 4*q. What is the units digit of v?
8
Let u = -1 - 5. Suppose -4*x = -0*x + 36. Let r = u - x. What is the units digit of r?
3
Let h(y) = 9*y - 76. What is the units digit of h(19)?
5
Suppose 5*i + 5*m + 59 = -26, 0 = 2*i - m + 43. Let r(f) = -4*f**2 + f + 3. Let y be r(3). Let s = i - y. What is the tens digit of s?
1
What is the units digit of 2*2/(-4)*-49?
9
Suppose -3*v - 6 = -6*v. Suppose 16 = -4*j, -4*m - 4*j + v = -2. What is the units digit of m?
5
Let g(l) be the first derivative of 2 - 1/3*l**3 - 7*l + 6*l**2. What is the units digit of g(11)?
4
Suppose -7*v + 292 = -23. What is the tens digit of v?
4
Let l(p) = -p**2 - 6*p + 2. Suppose -30 = 5*r - 0*r. Let i be l(r). What is the units digit of (2/2)/(i/6)?
3
Let c(r) be the first derivative of -r**3/3 + 15*r**2/2 - 8*r + 2. Let p be c(11). Let i = p + -25. What is the units digit of i?
1
Suppose -75 = 5*h - 6*h. What is the units digit of h?
5
Let h(u) = u**3 + 7*u**2 + 4*u - 1. What is the tens digit of h(-4)?
3
Suppose -5*a + 11 = 2*c, -3*c + 43 + 1 = 2*a. Let i be (-144)/10*(-60)/c. Let h = -33 + i. What is the units digit of h?
5
Let f = -4 - -12. Suppose 5*p - p = f. What is the units digit of p?
2
Suppose -12*c + 13*c - 12 = 0. Suppose 4*q - 7 = -x + 6*q, -4*x + 22 = -5*q. Suppose -x*h + 0 = -c. What is the units digit of h?
4
What is the units digit of ((0 - -1)*69)/1?
9
Let w(t) = 3*t - 14. What is the units digit of w(5)?
1
Let i be (14/3)/(8/36). Let p = -12 + i. What is the units digit of p?
9
Let d = 8 - 5. Let w = 5 - d. What is the units digit of w?
2
Let s(j) = -8*j**2 - j**3 - 3 + 0*j**3 - j**2 - 10*j. What is the tens digit of s(-8)?
1
Let f be ((-2)/(-2))/(1/66). What is the units digit of f/10 - (-8)/20?
7
Suppose 5*t - 14 - 1 = 0. Suppose 4*b - 22 = -t*x, -3*b = 2*x + x - 18. What is the units digit of (-2 + b/3)*-3?
2
Let u(a) = 19 + 18 - a - 15. What is the tens digit of u(9)?
1
Suppose -105 = -t + 3*n, -2*t + 475 = 3*t - 5*n. What is the units digit of t?
0
Suppose 0 = 4*i - 2*t - 32, 3*i + 2*i = -2*t + 40. What is the units digit of i?
8
Let c(x) be the second derivative of -1/12*x**4 - 3/2*x**2 - 4*x + 0 - 1/20*x**5 - 1/3*x**3. What is the tens digit of c(-3)?
2
Suppose 0 = 2*n + 3*h + 1, h = 4*n + 6*h - 1. Let y(q) = -q**3 + 5*q**2 - q + 1. What is the tens digit of y(n)?
1
Let c be ((-6)/9)/(2/6). Let o(b) = -b. What is the units digit of o(c)?
2
Let n(i) = -8 + 2*i - 2*i + 2 - 2*i. What is the units digit of n(-5)?
4
Let w be (-7)/(-5) + (-14)/35. Suppose -3*s + 2*b + 15 = w, -4*b + 52 = 4*s. What is the units digit of s?
8
Let v(k) = k**3 - 5*k**2 - 5*k + 3. Let d be v(6). Let b be (-3)/d - 20/(-6). Suppose -b - 1 = -4*u. What is the units digit of u?
1
Let w(l) = 3*l**3 - 2*l**2 + 2*l - 1. Let k be w(1). Suppose -2*a + 86 = 4*x, -k*x + 5*a + 20 = 7. What is the units digit of x?
9
Let s(d) = -42*d - 1. Let c be s(1). Let t = c + 77. What is the tens digit of t?
3
Suppose 3*u + 3*c - 2 = 4, -3*u + 3*c + 18 = 0. Suppose -3*k = -k - u. Suppose -1 = -k*q + 1, -1 = -2*f + q. What is the units digit of f?
1
Let f(k) = k**2 - 2*k - 1. Let v be f(3). Suppose 0 = -m + v*i - 1, 5*i - 1 = m + 2*m. Suppose 0 = -3*n + 9, n - 9 = -m*p - n. What is the units digit of p?
1
Suppose -m - 4*m = 15. What is the units digit of ((-2)/m)/((-8)/(-60))?
5
Suppose 6*x + 25 = 4*n + x, 3*n - 20 = 4*x. Suppose d - 2 = n, 54 - 19 = k - 2*d. What is the tens digit of k?
3
Let x(b) be the third derivative of -b**5/60 + 7*b**4/24 + 5*b**3/6 - 4*b**2. What is the tens digit of x(5)?
1
Suppose 0*z + 3 = z. What is the units digit of z?
3
Let i(m) = m**3 + 92*m - 92*m + 4*m**2 + 5. What is the units digit of i(-4)?
5
Suppose o - 3*o = -32. Suppose -3*b - 4 = b, 5*h - o = b. What is the units digit of 0 - h/(6/(-4))?
2
Let v be (-25)/10*8/(-10). Let c(q) = 7*q + 4 + 3 + 4 - q**v. What is the units digit of c(8)?
3
Let x be (-4)/(-8)*2*-1. What is the tens digit of (-3 + 31)*(2 + x)?
2
What is the tens digit of 3280/11 - (-26)/(-143)?
9
Let o be 14/(-21) - 46/(-6). Let f(l) = l**2 - 3*l - 10. What is the units digit of f(o)?
8
Let f = -15 + 9. Let y = 9 + f. Suppose -1 = -q + y. What is the units digit of q?
4
Suppose 0*h + 1 = h. Let a = h - -10. What is the units digit of a?
1
Let q(g) = 21*g - 43. What is the tens digit of q(8)?
2
Let l(u) = u**3 - 19*u**2 - 50*u + 45. What is the hundreds digit of l(22)?
3
Suppose -5*u - 190 = -0*u. Let p = u + 71. What is the units digit of p?
3
Suppose b + 0*b - 12 = -3*w, -20 = b - 5*w. Suppose -5*p - 2*l + 81 = b, -3*p + p = 3*l - 39. What is the tens digit of p?
1
What is the units digit of 2*-1 - (4 - 6) - -6?
6
Let w be 66/9*(-3)/(-2). Suppose -4*s = -3 + w. Let g(z) = 3*z**2 - 4*z - 3. What is the units digit of g(s)?
7
Let q(h) = -3 - 9*h - 8 - 3 + 4. What is the units digit of q(-4)?
6
Let f(o) = -2*o**2 - 2 + o**3 + 8*o**2 - 5*o + 0*o**2. What is the units digit of f(-6)?
8
Suppose -f + 29 = 5*h, -5*f + h = 3*h - 30. Let z = 19 - f. Let y = z - 9. What is the units digit of y?
6
Suppose -z = -2*z + 8. Let i = -5 + z. Let w = -1 + i. What is the units digit of w?
2
Let i = 25 - 20. Let w = 18 + i. What is the units digit of w?
3
Let o(d) = -d**3 - 5*d**2 - 4*d - 1. Let x(t) = t**3 - 8*t**2 + 7*t - 3. Let i be x(7). Let s be o(i). Let a(c) = -c. What is the units digit of a(s)?
7
Suppose 3*j = 11 + 1. Suppose -d + j = 1. What is the units digit of d/12 + 27/4?
7
Suppose 0 = 8*m - 5*m - 6. Suppose 0 = b - j + 2, 2*j - 22 = -6*b + m*b. What is the units digit of b?
3
Let r = 19 - 1. What is the units digit of 4/r + (-1655)/(-45)?
7
Let n(r) = -17*r**3 + r. Let c be n(1). Let k = c - -40. What is the tens digit of k?
2
Suppose n = -2*z + 7, 0 = -2*z - 2*n + 14 - 2. Suppose 3*t - z = -7. Let o = 13 - t. What is the units digit of o?
5
Let w = -7 + 3. What is the units digit of (0 + w - -3) + 9?
8
Let j be (8 - 3)*1*1. Suppose -8 - 82 = -j*i. What is the tens digit of i?
1
Let a(w) = -13*w - w + w - 1 - 2. What is the units digit of a(-3)?
6
What is the units digit of (-4 - -39) + -1*2?
3
Let s = 14 - -153. What is the units digit of s?
7
Let b be (4 + 2)/((-18)/(-12)). Suppose b*c - 94 = 2*m, 5*c = m + 55 + 58. What is the tens digit of c?
2
Let l = -2 - -5. Suppose 0*w = 4*w - 8. Let z = l - w. What is the units digit of z?
1
Let i = -100 + 188. What is the units digit of i?
8
Let u(n) = 5*n**2 - 6*n + 22. What is the hundreds digit of u(7)?
2
Let x = 72 + -16. What is the units digit of x?
6
Suppose -979 = -12*s + s. What is the units digit of s?
9
Let m = 3 + -3. Suppose 2*k - 8 - 8 = m. What is the units digit of k?
8
Suppose 15 = -4*y + 3*l, 3*y - 3*l = 4*y - 15. Suppose y = -k + 2*k - 2. What is the tens digit of ((-90)/(-5))/(3/k)?
1
Suppose 2*v - p = 7, 4*v - p - 4 = 9. Suppose -4*l + 5 = -v. Let y = 4 - l. What is the units digit of y?
2
Suppose 0 = 8*s - 9*s + 34. What is the tens digit of s?
3
Suppose 3*y = 6*y - 2*o - 14, -3*y = 4*o - 8. Suppose 0 = -g + r + 2*r + 27, 4*g - y*r = 76. What is the tens digit of g?
1
Let r = 33 - -4. What is the tens digit of r?
3
Let q be 9 - (4 + -2)/(-2). Let o = q + -6. What is the units digit of o?
4
Suppose v + 68 = -2*t + 6*v, 2*t = 4*v - 66. Let x be (1 - 3) + t + 1. Let u = -21 - x. What is the units digit of u?
9
Let d(n) = -12*n**2 + 15*n + 2. Let x(u) = 6*u**2 - 7*u - 1. Let t(s) = -6*d(s) - 13*x(s). Let z be t(-1). What is the tens digit of (10/3)/((-2)/z)?
1
Let q = -